{"id":37250,"date":"2026-05-02T15:53:04","date_gmt":"2026-05-02T15:53:04","guid":{"rendered":"https:\/\/hongvan194.id.vn\/?post_type=product&#038;p=37250"},"modified":"2026-05-02T15:53:04","modified_gmt":"2026-05-02T15:53:04","slug":"cay-si-nhat-bonsai","status":"publish","type":"product","link":"https:\/\/hongvan194.id.vn\/?product=cay-si-nhat-bonsai","title":{"rendered":"C\u00e2y Si Nh\u1eadt Bonsai"},"content":{"rendered":"<p><strong data-start=\"4414\" data-end=\"4430\">Tr\u1ecdng l\u01b0\u1ee3ng:<\/strong> 3kg<\/p>\n<div class=\"n6owBd awi2gc\" data-sfc-cp=\"\" data-sfc-root=\"c\" data-sfc-cb=\"\" data-hveid=\"CAEQAA\" data-processed=\"true\" data-copy-service-computed-style=\"font-family: &quot;Google Sans&quot;, Arial, sans-serif; font-size: 16px; font-weight: 400; margin: 0px 0px 16px; text-decoration: none; border-bottom: 0px rgb(230, 232, 240);\"><span data-subtree=\"aimfl,mfl\" data-processed=\"true\" data-copy-service-computed-style=\"font-family: &quot;Google Sans&quot;, Arial, sans-serif; font-size: 16px; font-weight: 400; margin: 0px; text-decoration: none; border-bottom: 0px rgb(230, 232, 240);\">C\u00e2y si Nh\u1eadt bonsai <\/span><mark class=\"HxTRcb\" data-sfc-root=\"c\" data-wiz-uids=\"RhvrHf_g\" data-sfc-cb=\"\" data-processed=\"true\" data-copy-service-computed-style=\"font-family: &quot;Google Sans&quot;, Arial, sans-serif; font-size: 16px; font-weight: 500; margin: 0px; text-decoration: none; border-bottom: 0px rgb(238, 240, 255);\"><!--qkimaf RhvrHf_f\/HugV6--><!--cqw1tb RhvrHf_f\/HugV6-->l\u00e0 lo\u1ea1i c\u00e2y c\u1ea3nh mini \u0111\u01b0\u1ee3c \u01b0a chu\u1ed9ng, n\u1ed5i b\u1eadt v\u1edbi th\u00e2n g\u1ed7 nh\u1ecf, g\u1ed1c r\u1ec5 ph\u00ecnh to, u\u1ed1n l\u01b0\u1ee3n ngh\u1ec7 thu\u1eadt v\u00e0 l\u00e1 xanh b\u00f3ng<!--TgQPHd|[]--><\/mark>. C\u00e2y c\u00f3 s\u1ee9c s\u1ed1ng b\u1ec1n b\u1ec9, d\u1ec5 ch\u0103m s\u00f3c, th\u00edch h\u1ee3p trang tr\u00ed b\u00e0n l\u00e0m vi\u1ec7c, k\u1ec7 s\u00e1ch, mang l\u1ea1i \u00fd ngh\u0129a phong th\u1ee7y v\u1ec1 s\u1ef1 th\u1ecbnh v\u01b0\u1ee3ng, may m\u1eafn v\u00e0 t\u00e0i l\u1ed9c.\u00a0<!--TgQPHd|[]--><\/div>\n<div class=\"n6owBd awi2gc\" data-sfc-cp=\"\" data-sfc-root=\"c\" data-sfc-cb=\"\" data-hveid=\"CAIQAA\" data-processed=\"true\" data-copy-service-computed-style=\"font-family: &quot;Google Sans&quot;, Arial, sans-serif; font-size: 16px; font-weight: 400; margin: 12px 0px 16px; text-decoration: none; border-bottom: 0px rgb(230, 232, 240);\"><strong class=\"Yjhzub\" data-sfc-root=\"c\" data-sfc-cb=\"\" data-processed=\"true\" data-copy-service-computed-style=\"font-family: &quot;Google Sans&quot;, Arial, sans-serif; font-size: 16px; font-weight: 600; margin: 0px; text-decoration: none; border-bottom: 0px rgb(230, 232, 240);\">M\u00f4 t\u1ea3 chi ti\u1ebft c\u00e2y si Nh\u1eadt bonsai:<\/strong><\/div>\n<div class=\"n6owBd awi2gc\" data-sfc-cp=\"\" data-sfc-root=\"c\" data-sfc-cb=\"\" data-hveid=\"CAIQAA\" data-processed=\"true\" data-copy-service-computed-style=\"font-family: &quot;Google Sans&quot;, Arial, sans-serif; font-size: 16px; font-weight: 400; margin: 12px 0px 16px; text-decoration: none; border-bottom: 0px rgb(230, 232, 240);\"><strong class=\"Yjhzub\" data-sfc-root=\"c\" data-sfc-cb=\"\" data-processed=\"true\" data-copy-service-computed-style=\"font-family: &quot;Google Sans&quot;, Arial, sans-serif; font-size: 16px; font-weight: 600; margin: 0px; text-decoration: none; border-bottom: 0px rgb(230, 232, 240);\">Th\u00e2n v\u00e0 r\u1ec5:<\/strong> Th\u00e2n c\u00e2y si Nh\u1eadt th\u01b0\u1eddng nh\u1ecf, v\u1ecf m\u00e0u x\u00e1m tr\u1eafng, nh\u1eb5n, c\u00f3 th\u1ec3 t\u1ea1o d\u00e1ng bonsai u\u1ed1n l\u01b0\u1ee3n. \u0110\u1eb7c \u0111i\u1ec3m n\u1ed5i b\u1eadt l\u00e0 b\u1ed9 r\u1ec5 ph\u00ecnh to, v\u1eefng ch\u1eafc, th\u01b0\u1eddng \u0111\u01b0\u1ee3c khoe ra ngo\u00e0i ch\u1eadu \u0111\u1ec3 t\u1ea1o v\u1ebb c\u1ed5 k\u00ednh.<\/div>\n<div class=\"n6owBd awi2gc\" data-sfc-cp=\"\" data-sfc-root=\"c\" data-sfc-cb=\"\" data-hveid=\"CAIQAA\" data-processed=\"true\" data-copy-service-computed-style=\"font-family: &quot;Google Sans&quot;, Arial, sans-serif; font-size: 16px; font-weight: 400; margin: 12px 0px 16px; text-decoration: none; border-bottom: 0px rgb(230, 232, 240);\"><strong class=\"Yjhzub\" data-sfc-root=\"c\" data-sfc-cb=\"\" data-processed=\"true\" data-copy-service-computed-style=\"font-family: &quot;Google Sans&quot;, Arial, sans-serif; font-size: 16px; font-weight: 600; margin: 0px; text-decoration: none; border-bottom: 0px rgb(230, 232, 240);\">L\u00e1:<\/strong> L\u00e1 si Nh\u1eadt nh\u1ecf h\u01a1n so v\u1edbi c\u00e2y si ta, h\u00ecnh b\u1ea7u d\u1ee5c, m\u00e0u xanh \u0111\u1eadm, b\u00f3ng m\u01b0\u1ee3t, m\u1ecdc d\u00e0y \u0111\u1eb7c.<\/div>\n<div class=\"n6owBd awi2gc\" data-sfc-cp=\"\" data-sfc-root=\"c\" data-sfc-cb=\"\" data-hveid=\"CAIQAA\" data-processed=\"true\" data-copy-service-computed-style=\"font-family: &quot;Google Sans&quot;, Arial, sans-serif; font-size: 16px; font-weight: 400; margin: 12px 0px 16px; text-decoration: none; border-bottom: 0px rgb(230, 232, 240);\"><strong class=\"Yjhzub\" data-sfc-root=\"c\" data-sfc-cb=\"\" data-processed=\"true\" data-copy-service-computed-style=\"font-family: &quot;Google Sans&quot;, Arial, sans-serif; font-size: 16px; font-weight: 600; margin: 0px; text-decoration: none; border-bottom: 0px rgb(230, 232, 240);\">K\u00edch th\u01b0\u1edbc:<\/strong> C\u00e2y th\u01b0\u1eddng \u0111\u01b0\u1ee3c c\u1eaft t\u1ec9a nh\u1ecf g\u1ecdn, cao t\u1eeb 20-50cm, l\u00fd t\u01b0\u1edfng cho kh\u00f4ng gian n\u1ed9i th\u1ea5t, b\u00e0n l\u00e0m vi\u1ec7c.<\/div>\n<div class=\"n6owBd awi2gc\" data-sfc-cp=\"\" data-sfc-root=\"c\" data-sfc-cb=\"\" data-hveid=\"CAIQAA\" data-processed=\"true\" data-copy-service-computed-style=\"font-family: &quot;Google Sans&quot;, Arial, sans-serif; font-size: 16px; font-weight: 400; margin: 12px 0px 16px; text-decoration: none; border-bottom: 0px rgb(230, 232, 240);\"><strong class=\"Yjhzub\" data-sfc-root=\"c\" data-sfc-cb=\"\" data-processed=\"true\" data-copy-service-computed-style=\"font-family: &quot;Google Sans&quot;, Arial, sans-serif; font-size: 16px; font-weight: 600; margin: 0px; text-decoration: none; border-bottom: 0px rgb(230, 232, 240);\">\u0110\u1eb7c \u0111i\u1ec3m sinh tr\u01b0\u1edfng:<\/strong> L\u00e0 lo\u00e0i c\u00e2y \u01b0a s\u00e1ng ho\u1eb7c ch\u1ecbu b\u00f3ng b\u00e1n ph\u1ea7n, ch\u1ecbu \u0111\u01b0\u1ee3c kh\u1eafc nghi\u1ec7t, \u00edt t\u1ed1n c\u00f4ng ch\u0103m s\u00f3c.<\/div>\n<div class=\"\" data-bfc=\"\" data-ved=\"2ahUKEwiP3vz4-ZqUAxXs1jgGHcOmFUIQi4wTegQIBBAA\" data-processed=\"true\" data-copy-service-computed-style=\"font-family: &quot;Google Sans&quot;, Arial, sans-serif; font-size: 16px; font-weight: 400; margin: 0px; text-decoration: none; border-bottom: 0px rgb(230, 232, 240);\">\n<div class=\"n6owBd awi2gc\" data-sfc-cp=\"\" data-sfc-root=\"c\" data-sfc-cb=\"\" data-hveid=\"CAQQAQ\" data-processed=\"true\" data-copy-service-computed-style=\"font-family: &quot;Google Sans&quot;, Arial, sans-serif; font-size: 16px; font-weight: 400; margin: 12px 0px 16px; text-decoration: none; border-bottom: 0px rgb(230, 232, 240);\"><strong class=\"Yjhzub\" data-sfc-root=\"c\" data-sfc-cb=\"\" data-processed=\"true\" data-copy-service-computed-style=\"font-family: &quot;Google Sans&quot;, Arial, sans-serif; font-size: 16px; font-weight: 600; margin: 0px; text-decoration: none; border-bottom: 0px rgb(230, 232, 240);\">\u00dd ngh\u0129a v\u00e0 \u1ee9ng d\u1ee5ng:<\/strong><\/div>\n<div class=\"n6owBd awi2gc\" data-sfc-cp=\"\" data-sfc-root=\"c\" data-sfc-cb=\"\" data-hveid=\"CAQQAQ\" data-processed=\"true\" data-copy-service-computed-style=\"font-family: &quot;Google Sans&quot;, Arial, sans-serif; font-size: 16px; font-weight: 400; margin: 12px 0px 16px; text-decoration: none; border-bottom: 0px rgb(230, 232, 240);\"><strong class=\"Yjhzub\" data-sfc-root=\"c\" data-sfc-cb=\"\" data-processed=\"true\" data-copy-service-computed-style=\"font-family: &quot;Google Sans&quot;, Arial, sans-serif; font-size: 16px; font-weight: 600; margin: 0px; text-decoration: none; border-bottom: 0px rgb(230, 232, 240);\">P<\/strong><strong class=\"Yjhzub\" data-sfc-root=\"c\" data-sfc-cb=\"\" data-processed=\"true\" data-copy-service-computed-style=\"font-family: &quot;Google Sans&quot;, Arial, sans-serif; font-size: 16px; font-weight: 600; margin: 0px; text-decoration: none; border-bottom: 0px rgb(230, 232, 240);\">hong th\u1ee7y:<\/strong> \u0110\u01b0\u1ee3c xem l\u00e0 m\u1ed9t trong b\u1ed9 t\u1ee9 linh &#8220;\u0110a &#8211; Sung &#8211; Sanh &#8211; Si&#8221;, si Nh\u1eadt t\u01b0\u1ee3ng tr\u01b0ng cho s\u1ef1 sinh s\u00f4i, v\u01b0\u1ee3ng kh\u00ed. C\u00e2y gi\u00fap b\u1ea3o v\u1ec7 gia \u0111\u00ecnh, gi\u1eef g\u00ecn ti\u1ec1n b\u1ea1c v\u00e0 ph\u00f9 h\u1ee3p nh\u1ea5t v\u1edbi ng\u01b0\u1eddi m\u1ec7nh M\u1ed9c.<\/div>\n<div class=\"n6owBd awi2gc\" data-sfc-cp=\"\" data-sfc-root=\"c\" data-sfc-cb=\"\" data-hveid=\"CAQQAQ\" data-processed=\"true\" data-copy-service-computed-style=\"font-family: &quot;Google Sans&quot;, Arial, sans-serif; font-size: 16px; font-weight: 400; margin: 12px 0px 16px; text-decoration: none; border-bottom: 0px rgb(230, 232, 240);\"><strong class=\"Yjhzub\" data-sfc-root=\"c\" data-sfc-cb=\"\" data-processed=\"true\" data-copy-service-computed-style=\"font-family: &quot;Google Sans&quot;, Arial, sans-serif; font-size: 16px; font-weight: 600; margin: 0px; text-decoration: none; border-bottom: 0px rgb(230, 232, 240);\">Trang tr\u00ed:<\/strong> V\u1edbi v\u1ebb \u0111\u1eb9p sang tr\u1ecdng, c\u00e2y si Nh\u1eadt mini th\u01b0\u1eddng \u0111\u01b0\u1ee3c \u0111\u1eb7t tr\u00ean b\u00e0n l\u00e0m vi\u1ec7c, k\u1ec7 tivi, b\u00e0n h\u1ecdc, gi\u00fap kh\u00f4ng gian xanh t\u01b0\u01a1i v\u00e0 gi\u1ea3m c\u0103ng th\u1eb3ng.<\/div>\n<\/div>\n<div class=\"\" data-bfc=\"\" data-ved=\"2ahUKEwiP3vz4-ZqUAxXs1jgGHcOmFUIQi4wTegQIBhAA\" data-processed=\"true\" data-copy-service-computed-style=\"font-family: &quot;Google Sans&quot;, Arial, sans-serif; font-size: 16px; font-weight: 400; margin: 0px; text-decoration: none; border-bottom: 0px rgb(230, 232, 240);\">\n<div class=\"n6owBd awi2gc\" data-sfc-cp=\"\" data-sfc-root=\"c\" data-sfc-cb=\"\" data-hveid=\"CAYQAQ\" data-processed=\"true\" data-copy-service-computed-style=\"font-family: &quot;Google Sans&quot;, Arial, sans-serif; font-size: 16px; font-weight: 400; margin: 12px 0px 16px; text-decoration: none; border-bottom: 0px rgb(230, 232, 240);\"><strong class=\"Yjhzub\" data-sfc-root=\"c\" data-sfc-cb=\"\" data-processed=\"true\" data-copy-service-computed-style=\"font-family: &quot;Google Sans&quot;, Arial, sans-serif; font-size: 16px; font-weight: 600; margin: 0px; text-decoration: none; border-bottom: 0px rgb(230, 232, 240);\">C\u00e1ch ch\u0103m s\u00f3c c\u01a1 b\u1ea3n:<\/strong><\/div>\n<div class=\"n6owBd awi2gc\" data-sfc-cp=\"\" data-sfc-root=\"c\" data-sfc-cb=\"\" data-hveid=\"CAYQAQ\" data-processed=\"true\" data-copy-service-computed-style=\"font-family: &quot;Google Sans&quot;, Arial, sans-serif; font-size: 16px; font-weight: 400; margin: 12px 0px 16px; text-decoration: none; border-bottom: 0px rgb(230, 232, 240);\"><strong class=\"Yjhzub\" data-sfc-root=\"c\" data-sfc-cb=\"\" data-processed=\"true\" data-copy-service-computed-style=\"font-family: &quot;Google Sans&quot;, Arial, sans-serif; font-size: 16px; font-weight: 600; margin: 0px; text-decoration: none; border-bottom: 0px rgb(230, 232, 240);\">\u00c1nh s\u00e1ng:<\/strong> C\u00e2y c\u1ea7n \u00e1nh s\u00e1ng nh\u01b0ng tr\u00e1nh \u00e1nh n\u1eafng qu\u00e1 gay g\u1eaft v\u00e0o gi\u1eefa tr\u01b0a.<\/div>\n<div class=\"n6owBd awi2gc\" data-sfc-cp=\"\" data-sfc-root=\"c\" data-sfc-cb=\"\" data-hveid=\"CAYQAQ\" data-processed=\"true\" data-copy-service-computed-style=\"font-family: &quot;Google Sans&quot;, Arial, sans-serif; font-size: 16px; font-weight: 400; margin: 12px 0px 16px; text-decoration: none; border-bottom: 0px rgb(230, 232, 240);\"><strong class=\"Yjhzub\" data-sfc-root=\"c\" data-sfc-cb=\"\" data-processed=\"true\" data-copy-service-computed-style=\"font-family: &quot;Google Sans&quot;, Arial, sans-serif; font-size: 16px; font-weight: 600; margin: 0px; text-decoration: none; border-bottom: 0px rgb(230, 232, 240);\">T\u01b0\u1edbi n\u01b0\u1edbc:<\/strong> T\u01b0\u1edbi n\u01b0\u1edbc \u0111\u1ec1u \u0111\u1eb7n, gi\u1eef \u0111\u1ea5t \u1ea9m nh\u01b0ng kh\u00f4ng \u0111\u1ec3 ng\u1eadp \u00fang<\/div>\n<div class=\"n6owBd awi2gc\" data-sfc-cp=\"\" data-sfc-root=\"c\" data-sfc-cb=\"\" data-hveid=\"CAYQAQ\" data-processed=\"true\" data-copy-service-computed-style=\"font-family: &quot;Google Sans&quot;, Arial, sans-serif; font-size: 16px; font-weight: 400; margin: 12px 0px 16px; text-decoration: none; border-bottom: 0px rgb(230, 232, 240);\"><strong class=\"Yjhzub\" data-sfc-root=\"c\" data-sfc-cb=\"\" data-processed=\"true\" data-copy-service-computed-style=\"font-family: &quot;Google Sans&quot;, Arial, sans-serif; font-size: 16px; font-weight: 600; margin: 0px; text-decoration: none; border-bottom: 0px rgb(230, 232, 240);\">C\u1eaft t\u1ec9a:<\/strong> Th\u01b0\u1eddng xuy\u00ean c\u1eaft t\u1ec9a l\u00e1 v\u00e0 c\u00e0nh th\u1eeba \u0111\u1ec3 gi\u1eef d\u00e1ng bonsai.<\/div>\n<\/div>\n","protected":false},"excerpt":{"rendered":"<p>Cao 20-50cm, C\u00e2y Si Bonsai l\u00e0 m\u1ed9t trong nh\u1eefng lo\u00e0i c\u00e2y c\u1ea3nh \u0111\u01b0\u1ee3c \u01b0a chu\u1ed9ng nh\u1ea5t trong ngh\u1ec7 thu\u1eadt bonsai t\u1ea1i Vi\u1ec7t Nam v\u00e0 nhi\u1ec1u n\u01b0\u1edbc ch\u00e2u \u00c1<\/p>\n","protected":false},"featured_media":37253,"comment_status":"open","ping_status":"closed","template":"","meta":{"content-type":""},"product_brand":[],"product_cat":[230],"product_tag":[235,236,234],"class_list":{"0":"post-37250","1":"product","2":"type-product","3":"status-publish","4":"has-post-thumbnail","6":"product_cat-cay-bonsai","7":"product_tag-bonsai-cao-cap","8":"product_tag-cay-nghe-thuat","9":"product_tag-si-nhat","11":"first","12":"instock","13":"shipping-taxable","14":"purchasable","15":"product-type-simple"},"_links":{"self":[{"href":"https:\/\/hongvan194.id.vn\/index.php?rest_route=\/wp\/v2\/product\/37250","targetHints":{"allow":["GET"]}}],"collection":[{"href":"https:\/\/hongvan194.id.vn\/index.php?rest_route=\/wp\/v2\/product"}],"about":[{"href":"https:\/\/hongvan194.id.vn\/index.php?rest_route=\/wp\/v2\/types\/product"}],"replies":[{"embeddable":true,"href":"https:\/\/hongvan194.id.vn\/index.php?rest_route=%2Fwp%2Fv2%2Fcomments&post=37250"}],"version-history":[{"count":1,"href":"https:\/\/hongvan194.id.vn\/index.php?rest_route=\/wp\/v2\/product\/37250\/revisions"}],"predecessor-version":[{"id":37255,"href":"https:\/\/hongvan194.id.vn\/index.php?rest_route=\/wp\/v2\/product\/37250\/revisions\/37255"}],"wp:featuredmedia":[{"embeddable":true,"href":"https:\/\/hongvan194.id.vn\/index.php?rest_route=\/wp\/v2\/media\/37253"}],"wp:attachment":[{"href":"https:\/\/hongvan194.id.vn\/index.php?rest_route=%2Fwp%2Fv2%2Fmedia&parent=37250"}],"wp:term":[{"taxonomy":"product_brand","embeddable":true,"href":"https:\/\/hongvan194.id.vn\/index.php?rest_route=%2Fwp%2Fv2%2Fproduct_brand&post=37250"},{"taxonomy":"product_cat","embeddable":true,"href":"https:\/\/hongvan194.id.vn\/index.php?rest_route=%2Fwp%2Fv2%2Fproduct_cat&post=37250"},{"taxonomy":"product_tag","embeddable":true,"href":"https:\/\/hongvan194.id.vn\/index.php?rest_route=%2Fwp%2Fv2%2Fproduct_tag&post=37250"}],"curies":[{"name":"wp","href":"https:\/\/api.w.org\/{rel}","templated":true}]}}